{"id":377,"date":"2018-05-25T11:19:23","date_gmt":"2018-05-25T09:19:23","guid":{"rendered":"http:\/\/www.gabiberndt.de\/?page_id=377"},"modified":"2018-05-25T11:20:23","modified_gmt":"2018-05-25T09:20:23","slug":"datenschutz","status":"publish","type":"page","link":"https:\/\/www.gabiberndt.de\/?page_id=377","title":{"rendered":"Datenschutz"},"content":{"rendered":"<p>Geltungsbereich<\/p>\n<p>Diese Datenschutzerkl\u00e4rung soll die Nutzer dieser Website gem\u00e4\u00df Bundesdatenschutzgesetz und Telemediengesetz \u00fcber die Art, den Umfang und den Zweck der Erhebung und Verwendung personenbezogener Daten durch den Websitebetreiber, Gabriele Berndt-Bathen, Schulplatz 12, 47506 Neukirchen-Vluyn, informieren. Der Websitebetreiber nimmt Ihren Datenschutz sehr ernst und behandelt Ihre personenbezogenen Daten vertraulich und entsprechend der gesetzlichen Vorschriften. Bedenken Sie, dass die Daten\u00fcbertragung im Internet grunds\u00e4tzlich mit Sicherheitsl\u00fccken bedacht sein kann. Ein vollumf\u00e4nglicher Schutz vor dem Zugriff durch Fremde ist nicht realisierbar.<\/p>\n<p>Zugriffsdaten<\/p>\n<p>Der Websitebetreiber bzw. Seitenprovider erhebt Daten \u00fcber Zugriffe auf die Seite und speichert diese als \u201eServer-Logfiles\u201c ab. Folgende Daten werden so protokolliert (usage): Besuchte Website, Uhrzeit zum Zeitpunkt des Zugriffes, Menge der gesendeten Daten in Byte, Quelle\/Verweis, von welchem Sie auf die Seite gelangten, Verwendeter Browser, Verwendetes Betriebssystem, Verwendete IP-Adresse. Die erhobenen Daten dienen lediglich statistischen Auswertungen und zur Verbesserung der Website. Der Websitebetreiber beh\u00e4lt sich allerdings vor, die Server-Logfiles nachtr\u00e4glich zu \u00fcberpr\u00fcfen, sollten konkrete Anhaltspunkte auf eine rechtswidrige Nutzung hinweisen.<\/p>\n<p>Cookies<\/p>\n<p>Diese Website verwendet Cookies. Dabei handelt es sich um kleine Textdateien, welche auf Ihrem Endger\u00e4t gespeichert werden. Ihr Browser greift auf diese Dateien zu. Durch den Einsatz von Cookies erh\u00f6ht sich die Benutzerfreundlichkeit und Sicherheit dieser Website. G\u00e4ngige Browser bieten die Einstellungsoption, Cookies nicht zuzulassen. Hinweis: Es ist nicht gew\u00e4hrleistet, dass Sie auf alle Funktionen dieser Website ohne Einschr\u00e4nkungen zugreifen k\u00f6nnen, wenn Sie entsprechende Einstellungen vornehmen.<\/p>\n<p>Personenbezogene Daten<\/p>\n<p>Der Websitebetreiber erhebt, nutzt und gibt Ihre personenbezogenen Daten nur dann weiter, wenn dies im gesetzlichen Rahmen erlaubt ist oder Sie in die Datenerhebung einwilligen. Als personenbezogene Daten gelten s\u00e4mtliche Informationen, welche dazu dienen, Ihre Person zu bestimmen und welche zu Ihnen zur\u00fcckverfolgt werden k\u00f6nnen \u2013 also beispielsweise Ihr Name, Ihre E-Mail-Adresse und Telefonnummer.<\/p>\n<p>Kontaktdaten<\/p>\n<p>Nehmen Sie mit dem Websitebetreiber durch die eventuell angebotenen Kontaktm\u00f6glichkeiten Verbindung auf, werden Ihre Angaben gespeichert, damit auf diese zur Bearbeitung und Beantwortung Ihrer Anfrage zur\u00fcckgegriffen werden kann. Ohne Ihre Einwilligung werden diese Daten nicht an Dritte weitergegeben. Kommentare und Beitr\u00e4ge: Sie k\u00f6nnen auf dieser Webseite weder selber Beitr\u00e4ge verfassen, noch zu den einzelnen Beitr\u00e4gen Kommentare hinterlassen. Somit werden auch keine personenbezogenen Daten ermittelt.<\/p>\n<p>Tracker und Social-Media-Plugins<\/p>\n<p>Diese Website nutzt keine Tracker oder andere Plugins. Somit werden auch keine personenbezogenen Daten ermittelt. Diese Website verwendet keine Facebook Social Plugins, die von der Facebook Inc. (1 Hacker Way, Menlo Park, California 94025, USA) betrieben werden. Somit werden auch keine personenbezogenen Daten ermittelt. Diese Webseite nutzt auch nicht die \u201e+1\u201c-Schaltfl\u00e4che von Google Plus. Somit werden auch keine personenbezogenen Daten ermittelt. Weiterhin nutzt diese Website auch keine Twitter-Schaltfl\u00e4chen. Somit werden auch keine personenbezogenen Daten ermittelt.<\/p>\n<p>Newsletter<\/p>\n<p>Der Websitebetreiber auf <a href=\"http:\/\/www.gabiberndt.de\">www.gabiberndt.de<\/a> bietet Ihnen keinen Newsletter an, in dem er Sie \u00fcber Neuigkeiten informiert.<\/p>\n<p>Rechte<\/p>\n<p>Auskunft, Berichtigung und L\u00f6schung! Sie als Nutzer erhalten auf Antrag kostenlose Auskunft dar\u00fcber, welche personenbezogenen Daten \u00fcber Sie gespeichert wurden. Sofern Ihr Wunsch nicht mit einer gesetzlichen Pflicht zur Aufbewahrung von Daten (z. B. Vorratsdatenspeicherung) kollidiert, haben Sie ein Anrecht auf Berichtigung falscher Daten und auf die Sperrung oder L\u00f6schung Ihrer personenbezogenen Daten.<\/p>\n<p>Verantwortlicher f\u00fcr die Datenverarbeitung<br \/>\nGabriele Berndt-Bathen<br \/>\nSchulplatz 12<br \/>\n47506 Neukirchen-Vluyn<br \/>\nTelefon: 02845\/959487<br \/>\nE-Mail: <a href=\"mailto:gabriele.berndt-bathen@arcor.de\">gabriele.berndt-bathen@arcor.de<\/a><\/p>\n<p>Website: <a href=\"http:\/\/www.gabiberndt.de\">www.gabiberndt.de<\/a><\/p>\n","protected":false},"excerpt":{"rendered":"<p>Geltungsbereich Diese Datenschutzerkl\u00e4rung soll die Nutzer dieser Website gem\u00e4\u00df Bundesdatenschutzgesetz und Telemediengesetz \u00fcber die Art, den Umfang und den Zweck der Erhebung und Verwendung personenbezogener Daten durch den Websitebetreiber, Gabriele Berndt-Bathen, Schulplatz 12, 47506 Neukirchen-Vluyn, informieren. Der Websitebetreiber nimmt Ihren Datenschutz sehr ernst und behandelt Ihre personenbezogenen Daten vertraulich und entsprechend der gesetzlichen Vorschriften. Bedenken &#8230; <a title=\"Datenschutz\" class=\"read-more\" href=\"https:\/\/www.gabiberndt.de\/?page_id=377\" aria-label=\"Mehr Informationen \u00fcber Datenschutz\">Weiterlesen<\/a><\/p>\n","protected":false},"author":1,"featured_media":0,"parent":0,"menu_order":2,"comment_status":"closed","ping_status":"closed","template":"","meta":{"footnotes":""},"class_list":["post-377","page","type-page","status-publish"],"_links":{"self":[{"href":"https:\/\/www.gabiberndt.de\/index.php?rest_route=\/wp\/v2\/pages\/377","targetHints":{"allow":["GET"]}}],"collection":[{"href":"https:\/\/www.gabiberndt.de\/index.php?rest_route=\/wp\/v2\/pages"}],"about":[{"href":"https:\/\/www.gabiberndt.de\/index.php?rest_route=\/wp\/v2\/types\/page"}],"author":[{"embeddable":true,"href":"https:\/\/www.gabiberndt.de\/index.php?rest_route=\/wp\/v2\/users\/1"}],"replies":[{"embeddable":true,"href":"https:\/\/www.gabiberndt.de\/index.php?rest_route=%2Fwp%2Fv2%2Fcomments&post=377"}],"version-history":[{"count":2,"href":"https:\/\/www.gabiberndt.de\/index.php?rest_route=\/wp\/v2\/pages\/377\/revisions"}],"predecessor-version":[{"id":379,"href":"https:\/\/www.gabiberndt.de\/index.php?rest_route=\/wp\/v2\/pages\/377\/revisions\/379"}],"wp:attachment":[{"href":"https:\/\/www.gabiberndt.de\/index.php?rest_route=%2Fwp%2Fv2%2Fmedia&parent=377"}],"curies":[{"name":"wp","href":"https:\/\/api.w.org\/{rel}","templated":true}]}}